e (-4)/16 + y/(-8). Let l = c - -6. What are the prime factors of l?
2
Let o(b) = 7*b**3 - 2*b**2 - 6*b + 5. What are the prime factors of o(3)?
2, 79
Suppose 0 = 2*j - 5*p + 8, 0*j = -j + 4*p - 7. Let x(k) = k**3 + k**2. List the prime factors of x(j).
2
List the prime factors of (-1 + 4)*(-30)/(-9).
2, 5
Suppose 0 = -23*q + 21*q + 162. What are the prime factors of q?
3
Let d(r) = -r**2 + 6*r + 2. Let x be d(6). Let u be (x/(-4))/(3/(-120)). Suppose 0 = -q - 5*t + 3*t + 12, -3*q - 2*t = -u. List the prime factors of q.
2
Suppose 0 = 6*n - 2*n + 2*c + 36, 29 = -3*n - 2*c. Let z(p) = -3*p - 7. What are the prime factors of z(n)?
2, 7
Let j = 0 + 0. Suppose -5*u + 0*u + 10 = j. What are the prime factors of (u/3)/(6/63)?
7
Suppose -9 = -d + 11. Suppose -5*t - d = 0, 5*f - 43 = 2*f + t. List the prime factors of f.
13
Let j(z) = 4*z**2 - 2. Suppose 3*g + 11 = 4*a, a - 4*g = 4*a - 27. Suppose -6 = -2*y + a*y. What are the prime factors of j(y)?
2, 7
Let k(d) = -d**3 - 3*d**2 + 3. What are the prime factors of k(-3)?
3
Let k(v) = -v**3 + 4*v**2 + 8*v - 5. Let q(i) = 4*i**2 + 2*i - 1. Let s be q(1). List the prime factors of k(s).
2, 5
Let u(b) = 3*b**2 + 2*b + 1. Let h be u(-1). Suppose 4*k + 2*t = 22, h*t - 42 = -5*k - 15. What are the prime factors of (14/(-8))/(k/(-60))?
3, 7
Let p(v) be the third derivative of 11*v**4/24 + v**3/3 - 5*v**2. List the prime factors of p(2).
2, 3
Suppose -2*f + 1 = -x, 4*x = 3*f + 2*x. Suppose -2*h - 2*y = -12, 0*y = f*h - 5*y - 26. What are the prime factors of h?
2
List the prime factors of 20/(-25) + (-264)/(-5) - 3.
7
Let q = -3 + 4. Let x(a) be the second derivative of 11*a**3/6 - a**2/2 + 2*a. List the prime factors of x(q).
2, 5
Suppose -t = 0, j = t + 2*t. What are the prime factors of (5 - -5) + j + -2?
2
Let j = 57 - 34. List the prime factors of j.
23
Let n be (-36)/14*(-7 + 0). Let g be 4/n + 6/(-27). Let q(a) = a + 2. List the prime factors of q(g).
2
Suppose -13 = -5*u - 3*r, -4*r = -0*u + 2*u - 8. Let q be (-3)/3*(-4)/(-2). List the prime factors of 0/q + u*2.
2
Suppose y + 16 - 46 = 0. Let w = y - -8. List the prime factors of w.
2, 19
Suppose 2*v = i - 3, -6 = 3*v + 3*i - 5*i. Suppose v*g = -4*d + 2*g + 158, 0 = 2*g - 10. Let k = d + -29. What are the prime factors of k?
13
Suppose 0 = -2*h + 2*c + 24, 1 = h + 2*c - 2. Let n = h - 9. Suppose k = -n*r + 4*r - 72, -2*k + 77 = 5*r. What are the prime factors of r?
17
Suppose 45 = f - b, -4*f - f - 5*b = -225. What are the prime factors of f?
3, 5
Suppose 3*u - 2*f - 616 = 0, -2*u = -4*f - 0*f - 416. List the prime factors of u.
2, 3, 17
Let u(q) = -q**2 - 2*q + 5. Let p be u(-4). Let v = 1 - p. List the prime factors of v.
2
Suppose 3*b - 4*y - 601 = 260, -2*b - 3*y + 557 = 0. What are the prime factors of b?
283
Let n = 117 + -48. What are the prime factors of n?
3, 23
Suppose -2*h = 3*h - 55. Let u = -7 + h. Suppose 8 = -l + u*a, -2*l + 0*a + 4*a - 4 = 0. List the prime factors of l.
2
Let a(h) = 8*h - 5. Let p(i) = -3*i + 2. Let l(q) = -4*a(q) - 11*p(q). Let w be l(8). What are the prime factors of w*(14/4 + -2)?
3
Let k(g) = -g + 5. Let j be k(-4). Let p = j + -4. What are the prime factors of p?
5
Let g(s) = -s**2 - 6*s. Let u be g(-6). Suppose u = -5*t - 6 + 26. List the prime factors of t.
2
Suppose 0*y + 2*y = 98. Let d = y + -21. What are the prime factors of d?
2, 7
What are the prime factors of ((-2)/3)/(1/(-99))?
2, 3, 11
Let p(d) = -d**2 + d + 7. Let t = -2 - -2. Let y be t + 0/(0 - -3). What are the prime factors of p(y)?
7
Let m(t) = t**3 + 2. Let u be m(0). Suppose -u*p + 0*p = 30. Let l = 21 + p. List the prime factors of l.
2, 3
Suppose -5*t - 9 = -4*u, 3*u = t + 4*t + 8. Suppose -5*q + 18 + 2 = 0. Let n = t + q. What are the prime factors of n?
3
What are the prime factors of (122 - -1) + (5 - (-2)/(-2))?
127
Let n be (-4)/(-3)*6/4. Suppose 0 = u - 5*b, 0*u - 5*b + 60 = n*u. List the prime factors of u.
2, 5
Let y be (-1)/2 + 85/2. Let n = y - 20. What are the prime factors of n?
2, 11
Suppose 260 - 86 = 6*t. What are the prime factors of t?
29
Let h(u) = -u**3 + 25. What are the prime factors of h(0)?
5
Let t(g) = 49*g**2 + 5*g - 6. What are the prime factors of t(2)?
2, 5
Let h(x) = x**3 + 7*x**2 + 4. Let l be h(-7). Let o be 3/(-3)*-1 - l. Let b = 1 - o. What are the prime factors of b?
2
Let y be ((-174)/(-9))/(2/6). Let u be (-3 + 5)*y/4. Suppose -5*n + 1 = -u. What are the prime factors of n?
2, 3
Let j = 3 + 38. Let q = -52 + 25. Let v = j + q. List the prime factors of v.
2, 7
Suppose 0 = g + 2*r - 366, 0 = g - 2*r - 333 - 33. What are the prime factors of g?
2, 3, 61
Let d = -6 + 8. Suppose 0 = -5*x - 0*r + 4*r - 1, -x - 5 = -d*r. Suppose 12 = -4*v, -l = v + x*v + 8. What are the prime factors of l?
2
Suppose 3*r - 177 = -0*r. What are the prime factors of r?
59
Let u = 10 + -7. Let d be 0 - (-2 + 3) - -25. Suppose 3*h + u*v - d = 0, 0 = 5*v - 6 - 19. List the prime factors of h.
3
Suppose 0 = -3*j - 0*j + 9. Suppose -j*f - f = -40. List the prime factors of f.
2, 5
Let t(y) = -y**3 + 3*y**2 + 6*y - 6. Let k = 4 + 0. What are the prime factors of t(k)?
2
Suppose 3*f - 144 = -39. What are the prime factors of f?
5, 7
Let c be ((-195)/(-52))/(2/(-8)). What are the prime factors of (c/(-3 - -2))/1?
3, 5
Let l = 14 + -11. Suppose 130 = -l*s + 8*s. List the prime factors of s.
2, 13
Let q(u) = u**3 + 19*u**2 + 36*u - 7. What are the prime factors of q(-16)?
5, 37
Let i = 32 - 2. Let j = 5 + i. List the prime factors of j.
5, 7
Let g be 445/(-30) - (-1)/(-6). Let l = g - -32. List the prime factors of l.
17
What are the prime factors of (-51 - 0)/(-1)*1?
3, 17
Let a = 60 + -58. List the prime factors of a.
2
Suppose 3*i = 13 + 14. What are the prime factors of i?
3
Let j(l) = l**3 - 8*l**2 - l - 9. Suppose -z = -3*a + 7, -4*a - a = -2*z - 9. Let x be j(z). Let q = -11 - x. List the prime factors of q.
2, 3
What are the prime factors of (-154)/(-6) + (-11)/((-231)/(-14))?
5
Let w be (-2)/(-8) + 7/4. Suppose 0 = -2*y + 3*y - w. Suppose -y - 6 = -2*t, 0 = o - 5*t + 18. What are the prime factors of o?
2
Suppose -12 = 2*p - 4*k, -5*k = 5*p - 3*k - 6. List the prime factors of (-3 - 1*-18) + p.
3, 5
Suppose 0 = -5*k + 2*d + 22 - 6, -d = -3*k + 10. Suppose -8*x + 3*x - 24 = p, 0 = 3*x - p + 16. Let m = k - x. What are the prime factors of m?
3
List the prime factors of (-2 + (-39)/12)*-4.
3, 7
Let q = -210 - -353. What are the prime factors of q?
11, 13
Let y = -432 + 733. List the prime factors of y.
7, 43
Let q = 101 - 58. List the prime factors of q.
43
Let w(a) = 5*a**2 + 5*a + 110. Let c(h) be the first derivative of h**3/3 + h**2/2 + 22*h - 2. Let m(z) = 11*c(z) - 2*w(z). List the prime factors of m(0).
2, 11
Suppose 0*i = 4*i - 28. Suppose -n + 3*h - 15 = 0, -n - i - 11 = -4*h. Let f = 5 - n. What are the prime factors of f?
11
Let d be (-2)/3 - 55/(-15). Suppose 0 = d*z - 7*z + 36. List the prime factors of z.
3
Suppose 5 - 2 = -3*k. Let c = k - -2. Suppose -5*s + 11 = c. List the prime factors of s.
2
Let c(z) be the third derivative of z**5/60 - z**4/6 - z**3/2 - z**2. Let g(m) = 6*m**3 - 2*m + 1. Let u be g(1). What are the prime factors of c(u)?
2
Suppose 0 = 5*w - 1369 + 79. What are the prime factors of w?
2, 3, 43
What are the prime factors of 8/10 - 72/(-10)?
2
Let n = 52 + -23. List the prime factors of n.
29
Let z be (-3)/(-3) + -2 - -3. Suppose -3*k + z*v + 38 = -k, -15 = 3*v. What are the prime factors of k?
2, 7
Let i(m) = 10*m - 7. Let b be i(-6). Let v = -35 - b. List the prime factors of v.
2
Suppose 3*f = 5*a + 276 + 579, 3*f = a + 843. What are the prime factors of f?
2, 5, 7
Let y be 12*(-3)/(-6)*-1. Let h be (-896)/18 - (-4)/(-18). List the prime factors of h/(-6) - (-2)/y.
2
Let h(u) = u + 2. Let f be h(2). Suppose f*b - 2 = 6*b. Let z(m) = 13*m**2 - m - 1. List the prime factors of z(b).
13
Suppose 0 = 9*k - 1886 - 13. What are the prime factors of k?
211
Suppose -w - 4*s - 1 = 0, -4*s + 1 = -0*w - w. Let u = 1 - w. What are the prime factors of u?
2
Let l = -82 - -139. What are the prime factors of l?
3, 19
Let j be -1 + (4 - 3 - 6). Let a be 34/4 + j/4. Suppose c - 6 = a. What are the prime factors of c?
13
Let v be (8 - 1)*(0 - -1). Let g be 138/7 - (-2)/v. Suppose -d - 4*d + g = 0. What are the p